(v). Give n(-4).
10
Suppose 7*z - 24 = z. Suppose 2*l - 2*r + 4 + 0 = 0, 2*l + 28 = -z*r. Let y(n) = n**2 + 6*n + 1. Give y(l).
1
Let w be 2/(-4) + 210/(-20). Let y(l) = l - 8. Determine y(w).
-19
Let l(n) be the third derivative of -n**4/24 + n**3/6 + n**2. Suppose 3*z - 35 = -44. Let y(f) = 2*f - 4. Let b(j) = z*l(j) - y(j). What is b(3)?
4
Suppose -13 - 47 = -6*l. Let m(b) = -4 + 3*b - l*b + 1. Calculate m(3).
-24
Let i(c) = 5*c**2 - 9*c + 5. Let u = 20 + -16. Let d = -70 + 61. Let f(k) = 11*k**2 - 19*k + 10. Let m(t) = d*i(t) + u*f(t). What is m(5)?
-5
Suppose -44 = -112*n + 101*n. Let p(g) = -6*g + 1. Calculate p(n).
-23
Suppose 2*c - 5*f = -f + 14, -4*c + 4*f = -16. Let u(p) = 2*p + p - 2*p. Let j(b) = -b**2 + 5*b + 4. Let o(g) = c*j(g) + u(g). Determine o(6).
4
Let s(b) = 2*b. Suppose 65 = -a + 3*y, 5*a - 6*y + 3*y = -289. Let p = a + 57. Determine s(p).
2
Let i(r) = -2*r - 4*r**2 - 8*r + r**3 - r - r - 8 + 17*r. Determine i(4).
12
Let w(v) be the first derivative of -1/24*v**4 + 0*v - 1/120*v**5 + 13/3*v**3 + 8 + 0*v**2. Let i(l) be the third derivative of w(l). Determine i(3).
-4
Suppose -3 + 9 = 3*j. Let v(q) = 0*q - j*q + 3*q + 8. Let u = 127 - 127. Determine v(u).
8
Let h(b) = -b**2 + 2*b + 7. Suppose 4*m + 5*u = 53, -5*m - 5*u + 3*u + 45 = 0. Suppose 0 = -a - 5*j + 25, 2*a - j - m = -1. Give h(a).
-8
Let a(v) = -v**3 - 5*v**2 + 8*v - 2. Let w(t) = t**3 - 8*t**2 - 6. Let p be w(8). Calculate a(p).
-14
Let v = 27 - 19. Let y(j) be the third derivative of -j**4/24 + 2*j**3/3 - 15*j**2 + 15. Determine y(v).
-4
Let s(k) be the first derivative of -k**2/2 + 3*k - 19. Give s(-7).
10
Let n(g) = g**2 - 7*g + 9. Suppose -3*t = 18*t - 105. What is n(t)?
-1
Let u(n) = -n - 1. Let s = 8 + -14. Let d(w) = -4*w + 6. Let p(c) = s*u(c) - d(c). What is p(1)?
10
Let b(x) be the second derivative of x**5/20 - x**4/4 - 3*x**3/2 + x**2/2 + 36*x - 2. What is b(5)?
6
Suppose -5*h + 0*h + 35 = 0. Suppose -5*u + 18 = -h. Let w(k) = -7*k + 2*k**2 + 0 + k**3 - 6*k**2 - 2 + 5. Give w(u).
-7
Suppose -p + 10 = -3*p. Let j = p - -1. Let l(c) = 2*c - 2*c - 6*c + 3*c**2 + c**3 + c - 2. Determine l(j).
2
Let z(o) = o**2 + 3*o - 1. Suppose -5*y = -10 - 5. Suppose 0*t - 12 = y*t. What is z(t)?
3
Let a(n) = -2*n**2 + 4*n - 3. Let p(y) = -3*y**2 + 3*y - 2. Let b(k) = 4*a(k) - 3*p(k). Give b(-7).
-6
Let h(q) = -q**2 + 6*q. Let t(o) = 2*o - 12. Let n be t(14). Let a be -3 + n/4 + 6. What is h(a)?
-7
Let y(i) = 3*i**2 - 23*i**3 + 39*i**3 + 2 - 17*i**3 + 3*i. Let r(p) = -p**3 + 6*p**2 + 2*p - 8. Let o be r(6). What is y(o)?
-2
Let f be (2 - 6)*((-370)/(-40) - 13). Let w(d) = d**2 - 16*d + 22. Determine w(f).
7
Let b(j) = j**2 + 6*j + 1. Let n be 231/(-55) - 45/25. Give b(n).
1
Let p(x) be the first derivative of x**3/3 + 15*x**2 + 80*x + 418. What is p(-27)?
-1
Let l(m) = m**2 + 2*m + 5. Let d(h) = h**2 + 3*h + 6. Suppose -9 = -p + 4*p. Let g(q) = p*d(q) + 4*l(q). Let z(c) = -c**2 - 3*c + 3. Let b be z(0). Give g(b).
8
Let u be 0 + (-1)/((-2)/(-4)). Suppose -5*d - 4*b + 22 = 0, -2*d - 4*b + 7 = -3*b. Let x(z) = -19*z**2 + 20*z**d - 2*z - 3 + 0*z - z. Determine x(u).
7
Let f(k) = -4*k - 219*k**2 + 9 - 4*k + 109*k**2 + 111*k**2. Let o be 133/21 + 1/(-3). Calculate f(o).
-3
Let b(g) = 14*g + 1. Let f(y) = 3*y**2 + 46*y + 7. Let l(w) = -3*b(w) + f(w). Calculate l(-1).
3
Let u(x) be the third derivative of -x**4/6 - x**3 + x**2 + 42*x. Determine u(-4).
10
Suppose 5*q - 6 = 2*g + 3, 0 = 5*q + g - 18. Let b(v) = 0*v**3 - 1 - v**3 - 4*v - q*v**2 + v + v. Determine b(-3).
5
Let x(c) be the third derivative of c**6/120 - 7*c**5/60 - 5*c**4/24 + 4*c**3/3 + 440*c**2. Calculate x(7).
-27
Let f(b) = -4*b + 11*b - b. Suppose -2*w - 2 = -2*u + 10, 5*u = 25. Let i be w*1/(1 + 0). What is f(i)?
-6
Suppose 2*n - 20 - 52 = -4*w, 0 = -4*n - 16. Let y(s) = s**3 - 19*s**2 - 20*s - 6. Give y(w).
-6
Let y(o) = -o**3 + 7*o**2 - o + 5. Let g be y(7). Let m(c) = -c + 1. Let i be m(g). Let n = -2 + i. Let a(j) = 3*j**3 - 1. Calculate a(n).
2
Let z(n) be the first derivative of -n**3/3 + 3*n**2 + n + 2. Let j(t) = t**2 - 2*t - 18. Let s be j(-4). Give z(s).
1
Let x(q) be the first derivative of q**3/3 - 4*q**2 - 5*q + 327. Calculate x(8).
-5
Let s(n) = -6*n - 248*n**2 - 252*n**2 + 498*n**2 + 16. What is s(-6)?
-20
Let f(z) = 6*z**2 + 3*z + 3. Suppose -9 = 5*w + 16. Let l(y) = 7*y**2 + 4*y + 4. Let d(u) = w*l(u) + 6*f(u). Let c be (2 + -3)/(6/(-24)). Give d(c).
6
Let n(m) be the third derivative of m**7/2520 - 7*m**6/720 - m**5/40 + 9*m**4/8 - 3*m**2. Let l(z) be the second derivative of n(z). What is l(6)?
-9
Let k(q) = q**2 + 2*q - 4. Let o = 1069 + -1075. What is k(o)?
20
Let c(y) be the first derivative of -4*y**2 + 41. Calculate c(-1).
8
Let u = 111 + -119. Let n(y) = y**3 + 8*y**2 - 3*y - 1. Determine n(u).
23
Let f(k) = 4 - k**3 + 10*k**3 + 7*k**2 + 1 - 8*k**3. Let h be 2 - ((-2 - -2) + 9). Calculate f(h).
5
Let l(r) = 2*r - 22. Let g be l(19). Suppose 18 = -f + g. Let v(n) = n - 2 + 0 + 6. What is v(f)?
2
Let i(s) = -4*s + 76. Let c be i(18). Let n(w) = w - 6. Determine n(c).
-2
Suppose 0 = 2*a + 3*a - 5. Let j be (-1)/(-1*a/4). Let n(s) = -2 - 5*s + j*s + 0*s + 4*s. Calculate n(-2).
-8
Let p(a) = 9 + 87159*a + 21 - 87164*a. What is p(9)?
-15
Let g(d) = -d**3 - d**2 + 3*d + 1. Let f(x) = 5*x**3 - 8*x**2 - 2*x + 13. Let s(y) = f(y) + 6*g(y). What is s(-15)?
4
Suppose 4*s + 5*f = 23, 6*s + 2*f - 12 = 3*s. Let v(u) = -7*u + 4*u + 1 + u**s - 2. What is v(4)?
3
Let y be 1/(-2) + (-713)/62. Let a(p) = p**3 + 11*p**2 - 13*p - 1. Give a(y).
11
Let t(w) = w**2 + w - 106. Let s be t(-11). Let x(z) = 2*z - 14. Calculate x(s).
-6
Suppose -c = n + 3, 5*n + 1 = -c + 2*n. Let f(p) = 2*p**2 + 9*p + 3. Let x be f(c). Let h(r) = -13*r**2 + r + 1. Calculate h(x).
-13
Let g = -562 + 808. Let h(k) = -k**2 + k**2 + 3*k + g - k**3 - 2*k**2 - 244. Determine h(-3).
2
Let x(g) = -14*g**2 - 11*g + 25. Let b(m) = 5*m**2 + 4*m - 9. Let v(i) = -11*b(i) - 4*x(i). Give v(2).
3
Let o(s) = 17*s + 4. Let h(v) = 8*v + 2. Let j = -77 - -82. Let w(f) = j*h(f) - 2*o(f). Determine w(-2).
-10
Suppose 2*p = -27*p - 29. Let g(t) = -8*t + 1. What is g(p)?
9
Suppose -3*b + 18 = -18. Let y be ((-1001)/22)/((-2)/b). Let i(h) = -y*h**2 + 2*h**3 - 1 + h**3 + h + 270*h**2. Calculate i(2).
13
Let l(i) = i**3 + 3*i**2. Let m = 147 - 97. Suppose w + 10 = -5*x, 0*x - m = -5*w - 5*x. Suppose -w = 4*b + b. Calculate l(b).
0
Let n(u) = -18 + 12 + u + 4 - 4*u - 8. Calculate n(6).
-28
Let t = 57 - 63. Let p(f) = -13*f**2 - 12*f + 23. Let j(m) = 7*m**2 + 6*m - 12. Let l(o) = 11*j(o) + 6*p(o). What is l(t)?
6
Let i(r) = -2*r**3 - 4*r - 2 - 13*r**2 + 15*r**2 + 0*r - 4*r**2. Suppose -3*k - 2*v - 12 - 4 = 0, -k = 5*v + 27. Determine i(k).
14
Let t(q) = -q**2 - q - 8. Let n be t(0). Let y(d) = d**2 + 8*d + 9. Give y(n).
9
Let b(h) = -h**3 + 8*h**2 + 3*h - 17. Let a be b(8). Let j(d) = -6 - 3 + 6 + 6*d + 6*d**2 - a*d + d**3. Let q = 7 + -13. Give j(q).
3
Let v(z) be the second derivative of z**6/120 + z**5/6 - z**4/24 - 7*z**3/3 - 12*z**2 + 8*z. Let u(b) be the first derivative of v(b). What is u(-10)?
-4
Let h(n) be the second derivative of n**3/6 - 7*n**2/2 - 76*n. Let d be ((-6)/(-4))/(6/16). Give h(d).
-3
Let j(u) = -127*u**2 + 8*u - 13. Let d(k) = -85*k**2 + 5*k - 8. Let r(a) = -8*d(a) + 5*j(a). What is r(1)?
44
Let s be -2 - (-1 + 0 + -6). Let j be 30/4*16/s. Let i(g) = -22*g**3 - 3*g**2 + j*g**3 - g + g**2 + 1. Give i(2).
7
Let j(w) = -74*w - 3 + 0 + 4 + 64*w. Let t be (-3)/(-2 + 5)*-1. Determine j(t).
-9
Suppose -3 - 9 = 3*x. Let z = x + 9. Let u(m) be the second derivative of m**4/12 - 2*m**3/3 - m**2/2 + 16*m. What is u(z)?
4
Let c(z) = -z + 27. Suppose -59 + 39 = -n. Suppose 5*k = h - 0*k + n, -8 = -2*k. Calculate c(h).
27
Let m(z) = z**3 - 5*z**2 + z + 3. Let r be 1/((-5)/(-25)) + 7/(-7). Calculate m(r).
-9
Suppose 3*g = -g - 12. Let y(o) = 14*o**2 - 3*o + 1. Let l(c) = -39*c**2 + 13*c. Let b(n) = -l(n) - 3*y(n). Give b(g).
-18
Let k(i) be the third derivative of -i**5/60 + 5*i**4/24 + 7*i**3/6 - i**2. Let m be -50 + (-18)/14 + 6/21. Let a = m + 56. Calculate k(a).
7
Let m(w) = -9*w - 15. Let x(b) = 2*b + 1. Let p(d) = -m(d) - 4*x(d). Determine p(-5).
6
Let j be (-1*18/(-8))/(3/(-8)). Let d(u) = u**3 + 5*u**2 - 6*u + 10. Calculate d(j).
10
Let